
Let a(z) = z**2 - 2*z + 1. Let u be a(-6). Suppose 2*n + 4*t = -t + u, 0 = 2*t - 10. List the prime factors of n.
2, 3
Suppose i - 179 = -5*v, 0*v - 303 = -2*i + v. What are the prime factors of i?
2, 7, 11
Let z be (-15)/((27/(-10))/9). Suppose -2*i - 3*m = -26, z = 5*i - 2*i - m. List the prime factors of i.
2
Let r be (-2)/(-3) - (-80)/15. Suppose -w + 3*w - r = 0. Suppose -40 = -w*b + 2*h, 4*h = -b - 3*b + 60. What are the prime factors of b?
2, 7
Let c = 10 - 7. Let s = 10 - c. What are the prime factors of s?
7
Suppose -27 = 5*v - 272. List the prime factors of v.
7
Let n(d) = -d - 8. Let c(u) = u - 1. Let t(j) = -2*c(j) + n(j). Let i be t(-4). Suppose -5*f - 3 = -i*f. What are the prime factors of f?
3
Let t(y) be the third derivative of y**4/6 - y**3/2 - y**2. List the prime factors of t(3).
3
Suppose -4*a + 7 = -89. Suppose 0 = 3*h - a - 24. What are the prime factors of h?
2
Suppose 0 = -5*r - 10, 0*z + 2*r - 60 = -4*z. What are the prime factors of z?
2
Let g be (0 + 6)*10/5. What are the prime factors of g/30 - (-156)/10?
2
Let n be (7 + (0 - -3))*1. Let q(v) = -v**3 + 12*v + 5 + 13 + 2*v**2 + n*v**2. What are the prime factors of q(13)?
5
Let i be 24/(-2*1/(-6)). Let v = i - 41. Let t = 48 - v. List the prime factors of t.
17
Suppose 0*n - 2*n - 2*g = -26, -21 = -2*n - g. List the prime factors of (-3)/(-4) + 66/n.
3
Let x be 4/(-10) + (-46)/10. Suppose 2 = -4*c + 5*l, 3*c = -2*c - 5*l + 20. Let b = c - x. What are the prime factors of b?
7
Suppose 5*q - 18 = 7. Let p(r) = r**3 - 5*r**2 - 10*r + 3. Let z be p(7). Suppose 5*u - 4 - 21 = 5*k, -q*k = 2*u - z. What are the prime factors of u?
2
Let a(o) = 5*o**3 - 2*o**2 + 2*o - 1. Let f be a(1). List the prime factors of 8 + f/(4/(-2)).
2, 3
Let k be (-1)/(-3)*3*-1. Let x = 1 + k. Suppose x*n - 4*n = -36. List the prime factors of n.
3
Let g(l) = 24*l**3 + l**2 - 2*l + 1. Let v be (0 + 2)*(-5)/(-10). What are the prime factors of g(v)?
2, 3
Suppose 0*q + q = -7. Let v be (-4)/14 - 23/q. List the prime factors of (6/9)/(v/54).
2, 3
Let k(n) = 2*n**2 - 3*n - 2. Let d(a) = 11*a + 0 + a**2 - 3*a**2 + 1 - 8*a. Let i(w) = -3*d(w) - 2*k(w). What are the prime factors of i(2)?
3
List the prime factors of -2 + (2 + 0)/((-8)/(-428)).
3, 5, 7
Let f(z) = z + 8. Let q = -1 + -5. Let j be f(q). What are the prime factors of (-2 - 18/(-4))*j?
5
Let u(b) = b**3 - 2*b**2 + b. Suppose -5*k + 3 = -q - 4, -5*q - 3*k = -21. Let j be (-1)/q + 7/3. What are the prime factors of u(j)?
2
Suppose x = -4*s + 3, x = -0*x + 2*s - 3. List the prime factors of (x + 18)*1 - 2.
3, 5
Let k(s) = -5*s + 3. List the prime factors of k(-1).
2
Suppose -5*a + 13 = 88. Let r = -10 - a. Suppose r*b + 14 - 29 = 0. List the prime factors of b.
3
Let a be (-6)/(-6) + 1 + -22. Let o = 10 + a. Let t = o - -18. What are the prime factors of t?
2
Suppose -2*o = 3*h - 45, h + 12 = -3*h. Suppose -t - 9 = -o. List the prime factors of t.
2, 3
Let g be (-2)/(-4)*(-5 - -5). Suppose g = -3*w - 1 - 2. What are the prime factors of 42/3 + (w - 1)?
2, 3
Suppose -5*l + 10*l = 0. Suppose -3*w + 6*w - 75 = l. What are the prime factors of w?
5
Let v = -79 + 82. Let w(i) = i**3 + 91. Let y be w(0). Suppose 0 = j + v, 8*s - y = 3*s + 2*j. What are the prime factors of s?
17
Let h = 0 - -3. Let r = h + -2. Suppose 3*l = 5*z - r - 4, -4*z + l = -11. What are the prime factors of z?
2
Let u = -1 + 6. Suppose 0 = -g - g - 3*d + 8, -u*d - 38 = -4*g. Suppose -z + 0 = -g. What are the prime factors of z?
7
Let n be 2 + (8 + -1)*-1. Let c be (-5)/((-1)/(-1)) + -3. Let j = n - c. List the prime factors of j.
3
Let t be 3 + (0 - -1) + -14. Let v = t + 26. List the prime factors of v.
2
Let l = -40 - -61. List the prime factors of l.
3, 7
Let i be -3 + -23 + 0 + 1. What are the prime factors of (-840)/i - 4/(-10)?
2, 17
Suppose 481 = 2*v + 43. List the prime factors of v.
3, 73
Let b be 0 + -2 + 2 - -2. Let s(p) = 2 - 7*p + p**b + 0 + 6. List the prime factors of s(7).
2
Let j(a) = -4*a - 10. Let w(b) = -b. Let r(t) = j(t) - 6*w(t). Let d be r(7). Suppose d*o - 20 = 3*o. List the prime factors of o.
2, 5
Suppose 690 = 5*h - 2*v + 3*v, 0 = -5*v + 25. What are the prime factors of h?
137
Let z be 1 - (-2 + 0 + 0). List the prime factors of ((-1)/z)/((-1)/141).
47
Let s(d) = -6*d**3 + d**2 + d - 1. Let o = -6 + 7. Let a be s(o). Let c = a + 10. What are the prime factors of c?
5
Let a(x) = x**2 - 15*x + 21. What are the prime factors of a(16)?
37
Let v be (-4)/((-3)/((-3)/(-2))). Suppose -4 - v = -2*g. Suppose 5*s = -g*j + 24, 0*s + j + 8 = s. What are the prime factors of s?
2, 3
Suppose -3*t - 6 = 3. Let n = 5 + t. Suppose -2*l + n = -10. List the prime factors of l.
2, 3
Suppose 5 = -d + 2. Let g = d + 6. List the prime factors of 2 - g*(-1)/1.
5
Suppose 0 = -3*t - 2*g - 8 + 19, 4*t + 4*g = 16. Suppose -t*f + 4*f = 9. List the prime factors of f.
3
Let g = 9 + -5. Suppose 0 = -5*y + 3*s + 7, 0 = 3*y + 2*s + s - 9. Suppose g*z = y + 14. List the prime factors of z.
2
Let p(h) = 3*h**2 - 5*h + 2. Let y be p(2). Suppose 2*l - 114 = 2*r, -y*l - 6 = 3*r - 213. What are the prime factors of l?
2, 3
Let s be ((-6)/(-10))/((-1)/(-35)). Suppose 7 = -a + s. List the prime factors of a.
2, 7
Let k(d) = d - d + 12*d. List the prime factors of k(1).
2, 3
List the prime factors of ((-2)/4)/((-7)/378).
3
Let d(k) = k**2. Let s be d(0). Suppose n + 2*n - 12 = s. List the prime factors of n.
2
Let p(s) = 50*s + 4. What are the prime factors of p(4)?
2, 3, 17
Let o(r) = -r**3 - 7*r**2 - 2*r - 1. Let y be o(-8). Let j = y - 45. What are the prime factors of j?
2, 17
Suppose -k + 11 = p, -3 = -3*k - 2*p + 27. Let g(b) = b**3 - 14*b**2 - 15*b + 4. Let t be g(15). Let m = k - t. What are the prime factors of m?
2
Let r(t) = -t**2 - 11*t - 1. Let m be (-92)/10 + 4/20. List the prime factors of r(m).
17
Suppose 4*l = 3*x - 350 + 1787, -x + 1 = 0. What are the prime factors of l?
2, 3, 5
Let m(r) = 3*r - 5. Let v be m(4). Suppose -x + 3 = -h, 3*h - 2*h = 2*x - v. Suppose z + 19 = 4*p, 3*p + 2*z - 4 = x*p. What are the prime factors of p?
2, 3
Let u be (-32)/(-14) + (-10)/35. Let o = -3 + u. Let z = o - -5. What are the prime factors of z?
2
Suppose -5*d + 25 = 0, -d + 29 = -a - 0*a. Let o = -12 - a. List the prime factors of o.
2, 3
Suppose -10*f + 28 = -6*f. Suppose -23 = -u - f. What are the prime factors of u?
2
Suppose 2*o + 11 = o. Let h(w) = -w**2 - 2*w + 15. Let l be h(-7). Let z = o - l. What are the prime factors of z?
3
Suppose 0 = 4*w - c - 4*c - 155, 3*c - 3 = 0. List the prime factors of w.
2, 5
Suppose 0*s - 338 = -u - s, -u = 3*s - 330. What are the prime factors of u?
2, 3, 19
Let h(k) = -k**2 + 11. Let t = -4 + 4. What are the prime factors of h(t)?
11
Suppose 2*h - 35 = -5*i - 2*h, i + h - 8 = 0. Suppose -7 = i*s - 34. List the prime factors of s.
3
Let j be (18/15)/((-6)/(-20)). Suppose 0 = -2*x + 7*x - 5*f - 25, 0 = -4*x - 3*f - 1. Suppose -2*z = j*o - 8, 2*z + 3*z - x*o = 80. List the prime factors of z.
2, 7
Suppose -3*f - t = -6*f + 4, t + 4 = -2*f. Let p(q) = -q**3 + q + 3. Let n be p(f). Suppose 5*j - 13 = -n*v + 2, 4*j = 5*v + 49. List the prime factors of j.
2, 3
Let d be (-8)/(-12)*(-42)/4. List the prime factors of ((-2)/6)/(d/609).
29
List the prime factors of (-46)/2*(-2 - -1).
23
Suppose -4*m - 3*k = -83, 3*m - 56 = -3*k + 7. Suppose -5*b = -5*x - 12 - 33, m = -5*x. What are the prime factors of b?
5
Suppose -2*y = y + 18. Let v(k) be the first derivative of k**4/4 + 7*k**3/3 + 3*k**2/2 - 8*k + 4. What are the prime factors of v(y)?
2, 5
Let t(g) = g**3 - 5*g**2 - g + 5. Let l be t(5). Suppose 3*n - 4*q - 9 = l, -3*q = -0*q. Suppose 3 = -d, 3*v + 0 = -n*d + 18. List the prime factors of v.
3
Let g be (-2 - 0) + 7 + 0. Suppose 4*h + 0*h - 3*b = 0, g*b = 5*h. Suppose h = 3*s + 8 - 20. What are the prime factors of s?
2
Let q be (2/6)/((-2)/(-12)). Suppose 0 = -q*m - 20 + 70. List the prime factors of m.
5
Let o = -16 - -25. What are the prime factors of o?
3
Let w(o) = -6*o + 5. List the prime factors of w(-6).
41
Let q(t) = 2*t**3 - 5*t**2 - 3*t + 4. What are the prime factors of q(4)?
2, 5
Suppose 5*u - 4*r - 24 = 0, -2*u + u - 4*r = 0. Let n be (-3)/u - (-267)/4. Suppose 0 = -4*p + 2*x + n, -4*p + 6 = 5*x - 25. What are the prime factors of p